?
-1
Let g(t) = 13*t - 66. Let z = 246 - 240. Let a be g(z). Let k(j) = j**3 - 12*j**2 + j - 1. What is k(a)?
11
Let b(s) = 3*s. Suppose 2*v = 2*c - 140, -3*c - 335 = 5*v - 5*c. Suppose -q - 3*o = 4*q - 306, 0 = -4*q - 3*o + 243. Let p = v + q. Determine b(p).
-6
Let x(t) = -t**3 - 5*t**2 + 4*t + 3. Let f = -533 + 572. Suppose f*l - 5 = 40*l. Calculate x(l).
-17
Let o be (-8)/18 - 2240/63. Let z = 38 + o. Let b(g) = z - 6 + g + 0*g. Determine b(4).
0
Let h = 5 - 2. Let w = 106 + -103. Suppose -r = 2*d, -h*d = w*r + 7 + 2. Let k(s) = -s - 6. Determine k(r).
0
Let b = 101 + -99. Let a be b/(-5) + -2 + (-12)/(-5). Let v = -1 + a. Let m(x) = -6*x + 1. Determine m(v).
7
Let y(x) be the third derivative of x**6/120 + x**5/30 - x**4/8 - x**3/3 + x**2. Let w = 163 - 403. Let d = w - -237. Calculate y(d).
-2
Let l(d) = 68 + d**2 - 6*d + 10*d - 86 + 24. Suppose 11 = -2*s - 1. Give l(s).
18
Let u be (132/8)/(15/10). Let n(d) = -4 - d - 13 + u + 10 + 7. Give n(-10).
21
Let z(f) = -f**2 + f + 31. Let x(y) = 105*y + 2410. Let i be x(-23). Calculate z(i).
1
Let m(g) = g - 10. Suppose 2*v + 12 = u, 4*v + 21 = -3*u + 37. Let x be 12 - (-20 - u)/(-4). What is m(x)?
-5
Let s(x) be the second derivative of -x**3/6 + 3*x**2/2 + 2*x. Let w(u) = -u**3 + 6*u**2 - 6*u + 3. Let k be w(4). Determine s(k).
-8
Let i be -30*(-16 + (-1400)/(-84)). Let z(p) = -2*p - 55. What is z(i)?
-15
Let q(v) = 1058*v**3 - 25*v**2 - 520*v**3 + 22 - 27*v - 537*v**3. Give q(26).
-4
Let i(z) = -z**3 + 7*z**2 - 7*z + 11. Let b(a) = -55*a + 214. Let y be b(5). Let g be (-47)/(-8) - y/488. What is i(g)?
5
Let o = -105 + 119. Let b(g) = -o*g - 13*g + 2*g. Determine b(-1).
25
Let q(o) = o**3 + 9*o**2 - 10*o + 8. Suppose -93*r - 29*r - 1220 = 0. Give q(r).
8
Let p(d) = -16*d**3 - 45 - 14*d**2 + 17*d**3 + 7*d - 3*d - 8 + 5. Calculate p(14).
8
Let f(a) be the first derivative of 5*a**2/2 + 84*a + 7214. What is f(-12)?
24
Let m(y) = y - 2. Let j(s) be the second derivative of -s**3/6 + 4*s**2 - 38*s - 7. Let q(r) = r**2 - 1. Let l be q(2). Let w be j(l). Give m(w).
3
Suppose 2*j - 7 - 3 = 0. Suppose -2*q + j*z + 14 = 0, q = -4*q - 2*z + 35. Let s(f) = -f**3 + 7*f**2 + 2*f - 9. What is s(q)?
5
Let g = 2477 + -2473. Let a(z) = -7*z + 17. Give a(g).
-11
Let q = 98 + -103. Let g be q + 76/16 - 63/(-12). Suppose 47*t = 46*t - g. Let y(v) = -2*v**2 - 7*v + 2. Calculate y(t).
-13
Let a(b) = -b + 18. Suppose -24*f + 135 = 39. Give a(f).
14
Let h(x) = 13*x**2 - 11*x + 37. Let l(n) = 7*n**2 - 6*n + 20. Let i(v) = -8*h(v) + 15*l(v). What is i(3)?
7
Let b be (-3)/((-6)/4 + 39/25). Let i be 36/(-15)*125/b. Let d(v) = -v**2 + 9*v - 17. Determine d(i).
1
Let a(n) = -8*n**2. Let l(f) = -f**2 - 19*f - 69. Let i be l(-9). Suppose 4*p + 4*h + 1 = -15, -4*h = -p + i. What is a(p)?
-8
Let c(t) = t**3 + t**2 - 2*t - 2. Let d = -42 + 60. Let h(i) = 2*i - 38. Let j be h(d). Let m be c(j). Let u(l) = 4*l**2 - 3*l - 2. Give u(m).
20
Let n be (-32)/((-2912)/(-39)) - (11/(-7))/(-1). Let s(a) = -5*a**3 + 3*a**2 + 3*a + 4. Calculate s(n).
50
Let l(w) = -w**3 - 26*w**2 + 9*w + 231. Let o(s) = s**3 + 3*s**2 - 75*s + 9. Let x be o(7). Determine l(x).
-3
Let r(h) be the third derivative of -3*h**4/8 - 7*h**3/2 - 458*h**2 - 2. What is r(-3)?
6
Let j = 18 - 28. Let r = j + 9. Let n(a) = 3*a**2 - 1. Let g(f) = 8*f**2 - 3. Let h(y) = -g(y) + 3*n(y). Determine h(r).
1
Let i(a) = 3*a + 61. Let v(b) = -b**3 + 17*b**2 + 19*b - 38. Let z be v(18). Let r be i(z). Let x(y) be the second derivative of 3*y**3/2 - 5*y. What is x(r)?
9
Let l(w) = 27 - 17*w**2 + 24*w**2 + 9 - 269*w**3 + 4*w + 270*w**3. Calculate l(-7).
8
Let h(z) = -z - 5. Let k(f) = 3*f + 21. Let p(t) = -9*h(t) - 2*k(t). Let r(q) = q**3 + 5*q**2 - 2*q + 19. Let n be r(-6). Give p(n).
-12
Let l(v) = -17*v**3 - 3*v**2 + 40*v - 13. Let a(z) = -27*z**3 - 5*z**2 + 61*z - 18. Let h(c) = 5*a(c) - 8*l(c). Determine h(3).
-13
Let t = -450628 + 450627. Let q(x) = 8*x + 3. Let s(r) = -56*r - 20. Let a(y) = -40*q(y) - 6*s(y). Determine a(t).
-16
Let s(n) = 6*n - 6. Let v(o) = o**3 - 50*o**2 + 40*o - 67. Let u be v(49). Let g = -504 - u. Calculate s(g).
18
Let n(x) be the first derivative of 2*x**3/3 + 20*x**2 + 206*x - 2118. Give n(-9).
8
Let b(t) be the third derivative of -t**5/20 + 61*t**4/24 - 19*t**3 - 38*t**2 - 10*t. Calculate b(2).
-4
Let w be -8 + (7*-1 - (-41 + 26)). Let m(b) = -b + 23. What is m(w)?
23
Let g(m) = m**2 - 5*m - 2. Let b be (-232)/16*2/(-1). Let a = b + -42. Let o = -8 - a. Give g(o).
-2
Let k(x) = -9 + 45*x + 49*x + 4 - 95*x - 4. Let o be (-5 + 4)/(1/13). Let h = o - -6. What is k(h)?
-2
Let h(c) = 14*c**2 + 69*c - 3. Let u(b) = 28*b**2 + 162*b - 7. Let f(v) = 7*h(v) - 3*u(v). Determine f(-2).
62
Let o = -5 + 8. Let l(q) = -o*q**2 + 8*q**2 + q**3 + 2 - 5 - 6*q. Suppose x + 2*c + 2 = 0, -5*x - 2*c = -7 + 33. Determine l(x).
-3
Let c(q) = 3 + 5*q - 35*q + 8*q + 17*q. What is c(4)?
-17
Let c(j) = -9*j + 22 - 9*j - 22*j - j**2 + 37*j. Give c(7).
-48
Let r(t) = t**2 + 57*t + 130. Let v = 1499 + -1554. Determine r(v).
20
Let b(d) = 3*d. Let q(m) = 10*m + 2. Let i(j) = 6*b(j) - 2*q(j). Let g(u) = -u**2 - 4*u - 9. Let p(w) = -3*g(w) + 7*i(w). What is p(2)?
7
Let d(g) be the third derivative of 13*g**5/60 + 31*g**4/8 + 2*g**3/3 + 205*g**2 - 3*g. Calculate d(-7).
-10
Let t(a) = -11*a**2 + 12381 + 8*a - 12372 + 7*a + a**3. Determine t(8).
-63
Let b(m) = -m**2 - 6*m + 6. Suppose 0 = 5*n + d - 85, -4*n + 42 = 5*d - 47. Suppose -25 = 3*u + 4*h, 2*h + 0 = -2*u - n. What is b(u)?
-1
Let c(x) be the third derivative of 2*x**2 + 0*x + 0 + 1/4*x**4 + 1/6*x**3. Suppose 0 = -3*h + 5*w + 18, 2*h - 12 = -h + 3*w. What is c(h)?
7
Let w(u) be the first derivative of -2*u + u**2 - 1 - 4 - 4*u + 5*u. Suppose -5*d + 80 = 90. Calculate w(d).
-5
Let g(o) = -o**2 + 3*o + 6. Let s(h) = 3*h**2 + 69*h + 76. Let b be s(-22). Let w be 70/28*24/b. Give g(w).
-12
Let q(w) = -34 + 23*w**2 + 38 - 46*w - 18*w**2. Determine q(9).
-5
Let f(k) = 5*k**2 - 6*k**2 - 9*k - 5 + 0. Suppose -309 - 131 = 55*j. What is f(j)?
3
Let f(a) = -8*a + 2. Suppose 7*c - 4*n + 35 = 10*c, -2*n = 2*c - 20. Suppose c*h + 3 = 3*i, 4*i = -h - 2*h - 25. Calculate f(h).
26
Let y(f) = f + 15. Let g(o) = -o**3 + 32*o**2 - 6*o + 193. Let r be g(32). Suppose -h + r + 4 = 0, 4*h - 55 = 5*z. Calculate y(z).
8
Let u(w) = w**2 + 59*w + 21. Let p(x) = 2*x**2 + 136*x + 43. Let n(r) = -3*p(r) + 7*u(r). What is n(-3)?
12
Let x(s) = 24*s**2 - 602 + 10*s - 12*s + 3*s + 602. Give x(1).
25
Let n(v) = -17*v - 7. Let r = -7806 - -7802. What is n(r)?
61
Let b(g) = 2*g + 9. Let f(w) = -w**3 + 19*w**2 + 14*w - 27. Let s be f(19). Suppose 36*l - 23 + s = 0. Give b(l).
-3
Suppose 5*i = 20 - 10. Let a(j) = j**i - 2*j**2 + 150 + 3*j**3 - 149 + j. Let t(m) = m**3 - m**2 + 1. Let x(b) = -a(b) + t(b). What is x(1)?
-3
Let x(u) = u**3 - 7 + u**2 - 32215*u + 16074*u + 16100*u. Give x(6).
-1
Let m(i) be the third derivative of -i**5/60 + 9*i**4/8 + 5*i**3/6 - i**2 + 186*i + 7. What is m(24)?
77
Let i(n) = n**2 - n - 7. Suppose -5*v + 39 - 14 = 0. Suppose -21 = -5*j + f, 3 = -j - 2*f + v. Give i(j).
5
Let c(i) be the first derivative of -i**2/2 + 2*i + 7062. Let t be (1 + (-6)/4)*-52. Let z be (-4)/(-10) + t/10. What is c(z)?
-1
Let f(l) be the third derivative of -l**4/4 - l**3/3 - 1656*l**2. What is f(11)?
-68
Suppose -w - 3 = 1. Let q(m) = -3*m**2 + 7*m + 6. Let r(c) = -2*c**2 + 3*c + 3. Suppose 0 = 7*u - 10 + 45. Let y(a) = u*r(a) + 3*q(a). Calculate y(w).
-5
Let m(d) be the second derivative of -8*d**3/3 - 99*d**2 - 79*d + 9. What is m(-12)?
-6
Let d(z) be the third derivative of -z**4/24 - 7*z**3/6 + 3*z**2. Suppose -2*u - 3*u = -20, 4*g = -u + 36. Suppose -1 = -l - g. Calculate d(l).
0
Let r(c) = 1. Let i(d) = -d + 5. Let x(j) = -j**3 + 9*j**2 - 9*j + 9. Let a be x(8). Let g(b) = a*i(b) - 2*r(b). Determine g(-3).
6
Let t(v) be the second derivative of 25/12*v**4 + 7*v + 0 + 0*v**2 - 1/720*v**6 - 1/30*v**5 + 0*v**3. Let f(u) be the third derivative of t(u). Give f(5).
-9
Suppose 5*o + 5*s = 40, 3*o - 5*o + 2*s - 4 = 0. Suppose 0 = b - 3*y, 0 + 3 = o*y. Let m(j) = -j**2 - 4*j**3 + 1 - 4*j**3 + 5*j**b - j. Give m(1).
-4
Let j(g) = -4 - 104 + 5*g + 11*g - 114 - 3*g. Give j(17).
-1
Let c = 16026 + -16034. Let s(q) = -2*q**3 - 17*q**2 - 6*q + 1. What is s(c)?
-1